18088?
True
Is 10626 a multiple of 172?
False
Does 82 divide 4756?
True
Is 490 a multiple of 28?
False
Is 14728 a multiple of 7?
True
Does 23 divide 4996?
False
Is 43 a factor of 14518?
False
Does 4 divide 300?
True
Is 28 a factor of 981?
False
Is 5123 a multiple of 47?
True
Does 42 divide 42?
True
Is 2911 a multiple of 41?
True
Does 13 divide 832?
True
Is 13 a factor of 7391?
False
Does 112 divide 4480?
True
Is 91770 a multiple of 70?
True
Is 2838 a multiple of 33?
True
Is 4569 a multiple of 9?
False
Is 155628 a multiple of 14?
False
Is 903 a multiple of 175?
False
Is 15 a factor of 544?
False
Is 19 a factor of 717?
False
Does 44 divide 7128?
True
Does 7 divide 228?
False
Does 10 divide 48?
False
Does 22 divide 1138?
False
Is 96 a multiple of 65?
False
Is 66 a factor of 921?
False
Is 23 a factor of 4128?
False
Is 22 a factor of 2967?
False
Does 18 divide 3358?
False
Does 14 divide 477?
False
Is 6 a factor of 773?
False
Does 40 divide 28040?
True
Is 1298 a multiple of 22?
True
Is 5 a factor of 210?
True
Is 5 a factor of 1205?
True
Does 11 divide 8602?
True
Does 49 divide 7529?
False
Is 48 a factor of 1152?
True
Is 92220 a multiple of 20?
True
Does 103 divide 3296?
True
Is 11920 a multiple of 4?
True
Does 32 divide 60160?
True
Is 9 a factor of 648?
True
Is 43728 a multiple of 52?
False
Does 4 divide 113?
False
Is 10158 a multiple of 85?
False
Is 1755 a multiple of 80?
False
Does 24 divide 223?
False
Is 1400 a multiple of 70?
True
Is 2 a factor of 276?
True
Is 86 a multiple of 12?
False
Is 165 a factor of 34155?
True
Does 75 divide 30277?
False
Is 2700 a multiple of 6?
True
Is 47 a factor of 14147?
True
Does 83 divide 581?
True
Is 361 a multiple of 9?
False
Does 15 divide 1828?
False
Is 1073 a multiple of 17?
False
Is 146 a multiple of 31?
False
Is 25 a factor of 7529?
False
Does 13 divide 1014?
True
Does 95 divide 13168?
False
Does 103 divide 117054?
False
Is 14 a factor of 7196?
True
Does 53 divide 7738?
True
Is 17 a factor of 2975?
True
Is 231 a multiple of 11?
True
Does 43 divide 29302?
False
Does 118 divide 16338?
False
Does 2 divide 471?
False
Does 4 divide 11604?
True
Does 23 divide 3795?
True
Does 29 divide 3649?
False
Does 92 divide 51524?
False
Is 13 a factor of 83809?
False
Is 62 a factor of 3985?
False
Does 12 divide 419?
False
Does 78 divide 390?
True
Is 1061 a multiple of 13?
False
Is 70 a factor of 257?
False
Is 3699 a multiple of 27?
True
Does 203 divide 19649?
False
Does 87 divide 4698?
True
Is 29 a factor of 27318?
True
Is 462 a multiple of 33?
True
Is 14 a factor of 896?
True
Does 32 divide 56192?
True
Is 41406 a multiple of 309?
True
Does 31 divide 4464?
True
Is 1469 a multiple of 113?
True
Is 95 a factor of 12065?
True
Is 219 a factor of 16805?
False
Does 15 divide 885?
True
Does 57 divide 39334?
False
Is 29 a factor of 29?
True
Does 28 divide 16380?
True
Does 49 divide 5978?
True
Does 93 divide 20317?
False
Is 351 a multiple of 17?
False
Does 12 divide 3120?
True
Is 15 a factor of 11151?
False
Does 7 divide 932?
False
Is 186 a factor of 10416?
True
Is 2 a factor of 154?
True
Is 2 a factor of 92?
True
Is 715 a multiple of 55?
True
Is 131 a multiple of 5?
False
Does 67 divide 12882?
False
Is 2157 a multiple of 13?
False
Is 8232 a multiple of 14?
True
Is 18 a factor of 514?
False
Is 20264 a multiple of 210?
False
Is 147 a factor of 2536?
False
Does 8 divide 136?
True
Is 840 a multiple of 35?
True
Is 286 a multiple of 22?
True
Is 30120 a multiple of 30?
True
Does 6 divide 687?
False
Does 8 divide 1624?
True
Does 4 divide 34?
False
Is 1085 a multiple of 17?
False
Is 43521 a multiple of 99?
False
Does 76 divide 1108?
False
Does 81 divide 20493?
True
Is 11945 a multiple of 156?
False
Is 12 a factor of 15622?
False
Does 36 divide 463?
False
Is 80 a factor of 1840?
True
Is 71 a factor of 205?
False
Does 29 divide 1717?
False
Does 19 divide 1646?
False
Is 253 a multiple of 9?
False
Is 28 a factor of 1752?
False
Is 17 a factor of 23202?
False
Is 15618 a multiple of 11?
False
Does 131 divide 83578?
True
Is 35848 a multiple of 393?
False
Does 28 divide 13468?
True
Is 138 a multiple of 23?
True
Is 6251 a multiple of 22?
False
Is 14 a factor of 3486?
True
Does 32 divide 31520?
True
Does 56 divide 504?
True
Is 134 a factor of 6968?
True
Is 12 a factor of 22032?
True
Is 40293 a multiple of 346?
False
Is 4788 a multiple of 36?
True
Is 1084 a multiple of 36?
False
Is 29 a factor of 3335?
True
Is 20 a factor of 11486?
False
Does 19 divide 6099?
True
Is 16126 a multiple of 5?
False
Is 33 a factor of 19518?
False
Is 53 a multiple of 15?
False
Is 10651 a multiple of 13?
False
Is 149 a factor of 24436?
True
Does 71 divide 1286?
False
Is 231 a factor of 13430?
False
Is 11 a factor of 467?
False
Is 14616 a multiple of 28?
True
Is 6 a factor of 6337?
False
Is 25 a factor of 1125?
True
Is 1980 a multiple of 90?
True
Is 1127 a multiple of 22?
False
Does 107 divide 2675?
True
Is 40 a factor of 6200?
True
Is 158 a multiple of 5?
False
Is 30 a factor of 21720?
True
Does 40 divide 1972?
False
Does 14 divide 800?
False
Is 20241 a multiple of 117?
True
Is 388 a multiple of 6?
False
Does 27 divide 680?
False
Does 13 divide 2333?
False
Is 19735 a multiple of 11?
False
Is 13 a factor of 390?
True
Does 15 divide 150?
True
Is 416 a factor of 66976?
True
Is 2 a factor of 22?
True
Is 360 a multiple of 12?
True
Is 21 a factor of 36479?
False
Does 145 divide 34999?
False
Is 68499 a multiple of 195?
False
Does 16 divide 4432?
True
Is 1531 a multiple of 2?
False
Is 564 a multiple of 41?
False
Is 48 a factor of 1285?
False
Is 20 a factor of 1800?
True
Does 51 divide 143857?
False
Does 76 divide 71136?
True
Is 182 a multiple of 4?
False
Is 6028 a multiple of 22?
True
Is 2 a factor of 45?
False
Does 27 divide 15228?
True
Is 7 a factor of 8666?
True
Does 12 divide 3628?
False
Is 838 a multiple of 45?
False
Is 1342 a multiple of 15?
False
Is 13 a factor of 14995?
False
Is 33 a factor of 2805?
True
Is 43 a factor of 1290?
True
Does 13 divide 709?
False
Is 16 a factor of 12032?
True
Is 2522 a multiple of 99?
False
Is 1335 a multiple of 104?
False
Is 35 a factor of 5956?
False
Does 16 divide 1696?
True
Does 12 divide 1848?
True
Is 35 a factor of 1501?
False
Is 50 a factor of 7750?
True
Does 9 divide 2656?
False
Is 51 a factor of 255?
True
Is 145 a multiple of 30?
False
Is 3 a factor of 327?
True
Is 77 a factor of 3942?
False
Is 12 a factor of 32?
False
Is 4819 a multiple of 61?
True
Is 4 a factor of 53?
False
Does 7 divide 420?
True
Does 11 divide 253?
True
Is 156 a multiple of 4?
True
Is 75706 a multiple of 39?
False
Is 24 a factor of 2208?
True
Does 43 divide 504?
False
Is 56 a factor of 1893?
False
Does 11 divide 60?
False
Is 30 a factor of 963?
False
Does 3 divide 111?
True
Does 19 divide 184?
False
Is 38 a factor of 4142?
True
Is 999 a multiple of 27?
True
Is 7 a factor of 831?
False
Does 5 divide 818?
False
Does 6 divide 570?
True
Does 29 divide 4972?
False
Is 671 a multiple of 6?
False
Is 147 a factor of 30711?
False
Is 25 a factor of 1225?
True
Is 35673 a multiple of 33?
True
Does 5 divide 1235?
True
Is 10 a factor of 1640?
True
Is 5926 a multiple of 34?
False
Is 7 a factor of 44?
False
Is 8838 a multiple of 194?
False
Does 22 divide 2765?
False
Does 456 divide 13224?
True
Is 4 a factor of 9263?
False
Is 6344 a multiple of 13?
True
Is 29 a factor of 74?
False
Is 26 a factor of 1404?
True
Is 671 a multiple of 10?
False
Does 14 divide 924?
True
Does 6 divide 124?
False
Is 18 a factor of 20332?
False
Does 54 divide 529?
False
Is 3 a factor of 81?
True
Is 62 a factor of 10292?
True
Is 20819 a multiple of 107?
False
Is 105 a multiple of 9?
False
Is 119697 a multiple of 63?
False
Is 18 a factor of 289?
False
Is 101 a factor of 20468?
False
Is 4960 a multiple of 5?
True
Is 77 a factor of 5082?
True
Does 44 divide 4268?
True
Is 191 even?
False
Is 15 a factor of 10545?
True
Is 21937 a multiple of 11?
False
Is 226 a factor of 41591?
False
Is 8 a factor of 872?
True
Is 25 a factor of 26977?
False
Is 7614 a multiple of 73?
False
Is 16 a factor of 32667?
False
Does 13 divide 4316?
True
Is 3094 a multiple of 34?
True
Is 7640 a multiple of 16?
False
Is 17 a factor of 2261?
True
Is 4398 a multiple of 6?
True
Does 47 divide 1551?
True
Is 2014 a multiple of 53?
True
Does 7 divide 3